actors of 203?
7, 29
List the prime factors of 851.
23, 37
List the prime factors of 1474.
2, 11, 67
List the prime factors of 21982.
2, 29, 379
List the prime factors of 1408.
2, 11
List the prime factors of 49800.
2, 3, 5, 83
List the prime factors of 4555.
5, 911
List the prime factors of 3278.
2, 11, 149
What are the prime factors of 260?
2, 5, 13
List the prime factors of 266.
2, 7, 19
List the prime factors of 996.
2, 3, 83
List the prime factors of 207072.
2, 3, 719
What are the prime factors of 3680?
2, 5, 23
List the prime factors of 13145.
5, 11, 239
List the prime factors of 9443.
7, 19, 71
List the prime factors of 418.
2, 11, 19
What are the prime factors of 17510?
2, 5, 17, 103
What are the prime factors of 984?
2, 3, 41
List the prime factors of 14540.
2, 5, 727
List the prime factors of 5295.
3, 5, 353
What are the prime factors of 16443?
3, 7, 29
What are the prime factors of 37379?
37379
List the prime factors of 16709.
7, 11, 31
What are the prime factors of 13234?
2, 13, 509
List the prime factors of 806.
2, 13, 31
List the prime factors of 139.
139
List the prime factors of 2684.
2, 11, 61
List the prime factors of 995.
5, 199
List the prime factors of 675.
3, 5
What are the prime factors of 3273?
3, 1091
List the prime factors of 40234.
2, 20117
What are the prime factors of 3138?
2, 3, 523
List the prime factors of 4871.
4871
List the prime factors of 31882.
2, 19, 839
What are the prime factors of 14260?
2, 5, 23, 31
List the prime factors of 25893.
3, 7, 137
List the prime factors of 11300.
2, 5, 113
List the prime factors of 165.
3, 5, 11
What are the prime factors of 2117?
29, 73
What are the prime factors of 206?
2, 103
List the prime factors of 24570.
2, 3, 5, 7, 13
List the prime factors of 17116.
2, 11, 389
List the prime factors of 15417.
3, 571
List the prime factors of 6727.
7, 31
What are the prime factors of 118536?
2, 3, 11, 449
What are the prime factors of 2671?
2671
List the prime factors of 13655.
5, 2731
List the prime factors of 4102.
2, 7, 293
What are the prime factors of 16338?
2, 3, 7, 389
List the prime factors of 508.
2, 127
List the prime factors of 14105.
5, 7, 13, 31
What are the prime factors of 42340?
2, 5, 29, 73
List the prime factors of 215.
5, 43
What are the prime factors of 6452?
2, 1613
List the prime factors of 2271.
3, 757
What are the prime factors of 25210?
2, 5, 2521
List the prime factors of 29708.
2, 7, 1061
List the prime factors of 126379.
11, 11489
What are the prime factors of 15746?
2, 7873
List the prime factors of 140313.
3, 46771
List the prime factors of 42646.
2, 21323
What are the prime factors of 640?
2, 5
List the prime factors of 325.
5, 13
List the prime factors of 22300.
2, 5, 223
What are the prime factors of 920?
2, 5, 23
List the prime factors of 4948.
2, 1237
What are the prime factors of 645?
3, 5, 43
List the prime factors of 27526.
2, 13763
List the prime factors of 135087.
3, 37, 1217
What are the prime factors of 30590?
2, 5, 7, 19, 23
What are the prime factors of 235?
5, 47
What are the prime factors of 11721?
3, 3907
List the prime factors of 7103.
7103
What are the prime factors of 28568?
2, 3571
List the prime factors of 75059.
47, 1597
List the prime factors of 23630.
2, 5, 17, 139
What are the prime factors of 70095?
3, 5, 4673
List the prime factors of 732.
2, 3, 61
What are the prime factors of 105223?
139, 757
What are the prime factors of 5735?
5, 31, 37
List the prime factors of 42058.
2, 17, 1237
What are the prime factors of 527?
17, 31
What are the prime factors of 772?
2, 193
What are the prime factors of 3105?
3, 5, 23
What are the prime factors of 16921?
16921
List the prime factors of 2063.
2063
What are the prime factors of 696?
2, 3, 29
List the prime factors of 20273.
11, 19, 97
What are the prime factors of 2114?
2, 7, 151
List the prime factors of 26671.
149, 179
What are the prime factors of 44262?
2, 3, 2459
What are the prime factors of 849?
3, 283
What are the prime factors of 28668?
2, 3, 2389
What are the prime factors of 1687?
7, 241
List the prime factors of 389.
389
List the prime factors of 21366.
2, 3, 1187
What are the prime factors of 1462?
2, 17, 43
List the prime factors of 27976.
2, 13, 269
What are the prime factors of 538?
2, 269
List the prime factors of 24877.
24877
What are the prime factors of 37431?
3, 4159
List the prime factors of 8244.
2, 3, 229
List the prime factors of 19558.
2, 7, 11, 127
List the prime factors of 1609.
1609
What are the prime factors of 47691?
3, 7, 757
List the prime factors of 623.
7, 89
List the prime factors of 70928.
2, 11, 13, 31
What are the prime factors of 2187?
3
List the prime factors of 5386.
2, 2693
What are the prime factors of 19140?
2, 3, 5, 11, 29
What are the prime factors of 747?
3, 83
List the prime factors of 2777.
2777
What are the prime factors of 786?
2, 3, 131
List the prime factors of 7937.
7937
What are the prime factors of 1731?
3, 577
List the prime factors of 3160.
2, 5, 79
List the prime factors of 8253.
3, 7, 131
List the prime factors of 1086.
2, 3, 181
What are the prime factors of 309?
3, 103
List the prime factors of 5044.
2, 13, 97
List the prime factors of 625.
5
What are the prime factors of 1141?
7, 163
List the prime factors of 6906.
2, 3, 1151
What are the prime factors of 1640?
2, 5, 41
What are the prime factors of 7081?
73, 97
What are the prime factors of 392?
2, 7
What are the prime factors of 1052?
2, 263
What are the prime factors of 3331?
3331
List the prime factors of 87853.
87853
List the prime factors of 8006.
2, 4003
What are the prime factors of 15093?
3, 13, 43
What are the prime factors of 6661?
6661
List the prime factors of 7778.
2, 3889
What are the prime factors of 192974?
2, 96487
What are the prime factors of 116751?
3, 38917
List the prime factors of 7568.
2, 11, 43
What are the prime factors of 4611?
3, 29, 53
List the prime factors of 847.
7, 11
What are the prime factors of 5233?
5233
List the prime factors of 2224.
2, 139
List the prime factors of 21908.
2, 5477
List the prime factors of 1801.
1801
List the prime factors of 30134.
2, 13, 19, 61
List the prime factors of 3451.
7, 17, 29
List the prime factors of 30273.
3, 10091
What are the prime factors of 444?
2, 3, 37
List the prime factors of 1644.
2, 3, 137
List the prime factors of 104912.
2, 79, 83
What are the prime factors of 16477?
16477
List the prime factors of 140024.
2, 23, 761
List the prime factors of 1880.
2, 5, 47
List the prime factors of 2172.
2, 3, 181
List the prime factors of 357.
3, 7, 17
List the prime factors of 509.
509
What are the prime factors of 9428?
2, 2357
List the prime factors of 4494.
2, 3, 7, 107
What are the prime factors of 924?
2, 3, 7, 11
What are the prime factors of 20649?
3, 6883
List the prime factors of 3876.
2, 3, 17, 19
What are the prime factors of 8967?
3, 7, 61
What are the prime factors of 16815?
3, 5, 19, 59
What are the prime factors of 115765?
5, 13, 137
List the prime factors of 12355.
5, 7, 353
List the prime factors of 1819.
17, 107
List the prime factors of 1081.
23, 47
List the prime factors of 5368.
2, 11, 61
What are the prime factors of 7112?
2, 7, 127
What are the prime factors of 1074?
2, 3, 179
What are the prime factors of 1344?
2, 3, 7
What are the prime factors of 76793?
41, 1873
List the prime factors of 34533.
3, 1279
List the prime factors of 2841.
3, 947
List the prime factors of 133050.
2, 3, 5, 887
List the prime factors of 1490.
2, 5, 149
What are the prime factors of 75391?
75391
List the prime factors of 97590.
2, 3, 5, 3253
What are the prime factors of 27751?
27751
What are the prime factors of 17033?
17033
What are the prime factors of 2210?
2, 5, 13, 17
What are the prime factors of 83780?
2, 5, 59, 71
What are the prime factors of 6443?
17, 379
List the prime factors of 394.
2, 197
List the prime factors of 3907.
3907
What are the prime factors of 43663?
47, 929
List the prime factors of 35177.
29, 1213
List the prime factors of 54.
2, 3
What are the prime factors of 55045?
5, 101, 109
What are the prime factors of 46068?
2, 3, 11, 349
What are the prime factors of 58881?
3, 19, 1033
What are the prime factors of 957?
3, 11, 29
List the prime factors of 12325.
5, 17, 29
List the 